{"id":705,"date":"2017-03-01T07:29:59","date_gmt":"2017-03-01T05:29:59","guid":{"rendered":"http:\/\/vizyon2023.com.tr\/?page_id=705"},"modified":"2017-12-08T16:15:19","modified_gmt":"2017-12-08T14:15:19","slug":"video","status":"publish","type":"page","link":"https:\/\/www.vizyon2023.com.tr\/index.php\/video\/","title":{"rendered":"video"},"content":{"rendered":"<p><iframe loading=\"lazy\" width=\"770\" height=\"578\" src=\"https:\/\/www.youtube.com\/embed\/mg2oFohGIqg?start=619&#038;feature=oembed\" frameborder=\"0\" gesture=\"media\" allow=\"encrypted-media\" allowfullscreen><\/iframe><\/p>\n<h1 class=\"title style-scope ytd-video-primary-info-renderer\">Vizyon 2023 Dergisi&#8217;nin &#8220;2013&#8217;\u00fcn En&#8217;leri \u00d6d\u00fcl T\u00f6reni<\/h1>\n<p><iframe loading=\"lazy\" width=\"770\" height=\"433\" src=\"https:\/\/www.youtube.com\/embed\/3QINtvr_C0M?feature=oembed\" frameborder=\"0\" gesture=\"media\" allow=\"encrypted-media\" allowfullscreen><\/iframe><\/p>\n<p><iframe loading=\"lazy\" width=\"770\" height=\"578\" src=\"https:\/\/www.youtube.com\/embed\/utBv9m64sp4?feature=oembed\" frameborder=\"0\" gesture=\"media\" allow=\"encrypted-media\" allowfullscreen><\/iframe><\/p>\n<p>&nbsp;<\/p>\n","protected":false},"excerpt":{"rendered":"<p>Vizyon 2023 Dergisi&#8217;nin &#8220;2013&#8217;\u00fcn En&#8217;leri \u00d6d\u00fcl T\u00f6reni &nbsp;<\/p>\n","protected":false},"author":1000097,"featured_media":0,"parent":0,"menu_order":1,"comment_status":"closed","ping_status":"closed","template":"","meta":[],"_links":{"self":[{"href":"https:\/\/www.vizyon2023.com.tr\/index.php\/wp-json\/wp\/v2\/pages\/705"}],"collection":[{"href":"https:\/\/www.vizyon2023.com.tr\/index.php\/wp-json\/wp\/v2\/pages"}],"about":[{"href":"https:\/\/www.vizyon2023.com.tr\/index.php\/wp-json\/wp\/v2\/types\/page"}],"author":[{"embeddable":true,"href":"https:\/\/www.vizyon2023.com.tr\/index.php\/wp-json\/wp\/v2\/users\/1000097"}],"replies":[{"embeddable":true,"href":"https:\/\/www.vizyon2023.com.tr\/index.php\/wp-json\/wp\/v2\/comments?post=705"}],"version-history":[{"count":9,"href":"https:\/\/www.vizyon2023.com.tr\/index.php\/wp-json\/wp\/v2\/pages\/705\/revisions"}],"predecessor-version":[{"id":2304,"href":"https:\/\/www.vizyon2023.com.tr\/index.php\/wp-json\/wp\/v2\/pages\/705\/revisions\/2304"}],"wp:attachment":[{"href":"https:\/\/www.vizyon2023.com.tr\/index.php\/wp-json\/wp\/v2\/media?parent=705"}],"curies":[{"name":"wp","href":"https:\/\/api.w.org\/{rel}","templated":true}]}}